{"id":24534,"date":"2025-09-03T16:45:20","date_gmt":"2025-09-03T19:45:20","guid":{"rendered":"https:\/\/thomasroodson.dev\/portalaciara-backup\/?page_id=24534"},"modified":"2025-09-03T16:45:20","modified_gmt":"2025-09-03T19:45:20","slug":"orientacao-juridica","status":"publish","type":"page","link":"https:\/\/portalaciara.com\/novosite\/orientacao-juridica\/","title":{"rendered":"Orienta\u00e7\u00e3o Jur\u00eddica"},"content":{"rendered":"\n<p>Consultas para esclarecer d\u00favidas sobre rela\u00e7\u00f5es comerciais, fiscais, mercantis ou&nbsp;conflitos legais.&nbsp;A ACIARA n\u00e3o realiza a defesa na pr\u00e1tica, os servi\u00e7os consistem em orientar o&nbsp;associado sobre as medidas cab\u00edveis.<\/p>\n\n\n\n<p>Agende pelo telefone:&nbsp;<strong>(63) 3411 3800<\/strong><\/p>\n\n\n\n<p><\/p>\n","protected":false},"excerpt":{"rendered":"<p>Consultas para esclarecer d\u00favidas sobre rela\u00e7\u00f5es comerciais, fiscais, mercantis ou&nbsp;conflitos legais.&nbsp;A ACIARA n\u00e3o realiza a defesa na pr\u00e1tica, os servi\u00e7os consistem em orientar o&nbsp;associado sobre as medidas cab\u00edveis. Agende pelo telefone:&nbsp;(63) 3411 3800<\/p>\n","protected":false},"author":1,"featured_media":0,"parent":0,"menu_order":0,"comment_status":"closed","ping_status":"closed","template":"","meta":{"footnotes":""},"class_list":["post-24534","page","type-page","status-publish","hentry"],"_links":{"self":[{"href":"https:\/\/portalaciara.com\/novosite\/wp-json\/wp\/v2\/pages\/24534","targetHints":{"allow":["GET"]}}],"collection":[{"href":"https:\/\/portalaciara.com\/novosite\/wp-json\/wp\/v2\/pages"}],"about":[{"href":"https:\/\/portalaciara.com\/novosite\/wp-json\/wp\/v2\/types\/page"}],"author":[{"embeddable":true,"href":"https:\/\/portalaciara.com\/novosite\/wp-json\/wp\/v2\/users\/1"}],"replies":[{"embeddable":true,"href":"https:\/\/portalaciara.com\/novosite\/wp-json\/wp\/v2\/comments?post=24534"}],"version-history":[{"count":1,"href":"https:\/\/portalaciara.com\/novosite\/wp-json\/wp\/v2\/pages\/24534\/revisions"}],"predecessor-version":[{"id":24535,"href":"https:\/\/portalaciara.com\/novosite\/wp-json\/wp\/v2\/pages\/24534\/revisions\/24535"}],"wp:attachment":[{"href":"https:\/\/portalaciara.com\/novosite\/wp-json\/wp\/v2\/media?parent=24534"}],"curies":[{"name":"wp","href":"https:\/\/api.w.org\/{rel}","templated":true}]}}